
{"id":1956,"date":"2016-12-07T08:23:56","date_gmt":"2016-12-07T08:23:56","guid":{"rendered":"http:\/\/clubdeportivolazubia.com\/?page_id=1956"},"modified":"2023-07-09T21:50:19","modified_gmt":"2023-07-09T21:50:19","slug":"material-deportivo","status":"publish","type":"page","link":"https:\/\/clubdeportivolazubia.com\/?page_id=1956","title":{"rendered":"Material Deportivo"},"content":{"rendered":"<h3 style=\"text-align: center;\"><span style=\"color: #ff6600;\">MATERIAL DEPORTIVO DEL CLUB<\/span><\/h3>\n<p><img decoding=\"async\" loading=\"lazy\" class=\"aligncenter wp-image-1343\" src=\"https:\/\/clubdeportivolazubia.com\/wp-content\/uploads\/2016\/04\/Anagrana-club.jpg\" alt=\"\" width=\"104\" height=\"123\" srcset=\"https:\/\/clubdeportivolazubia.com\/wp-content\/uploads\/2016\/04\/Anagrana-club.jpg 1937w, https:\/\/clubdeportivolazubia.com\/wp-content\/uploads\/2016\/04\/Anagrana-club-254x300.jpg 254w, https:\/\/clubdeportivolazubia.com\/wp-content\/uploads\/2016\/04\/Anagrana-club-768x908.jpg 768w, https:\/\/clubdeportivolazubia.com\/wp-content\/uploads\/2016\/04\/Anagrana-club-866x1024.jpg 866w\" sizes=\"(max-width: 104px) 100vw, 104px\" \/><\/p>\n<h4 style=\"text-align: justify;\">Cat\u00e1logo de material disponible del Club.<\/h4>\n<h4 style=\"text-align: justify;\">Componen este cat\u00e1logo, adem\u00e1s de material actual, otras prendas de temporadas anteriores: anorak, cortavientos, sudadera t\u00e9cnica, forro polar\u2026<\/h4>\n<h4>Solo podr\u00e1 adquirir este material socios y alumnos del Club.<\/h4>\n<h4>Proximamente seguiremos incluyendo mas material deportivo.<\/h4>\n<h3 style=\"text-align: center; padding-left: 40px;\">CHANDAL<\/h3>\n<p><img decoding=\"async\" loading=\"lazy\" class=\"aligncenter wp-image-2327\" src=\"https:\/\/clubdeportivolazubia.com\/wp-content\/uploads\/2017\/03\/Chandal.jpg\" alt=\"\" width=\"199\" height=\"219\" srcset=\"https:\/\/clubdeportivolazubia.com\/wp-content\/uploads\/2017\/03\/Chandal.jpg 477w, https:\/\/clubdeportivolazubia.com\/wp-content\/uploads\/2017\/03\/Chandal-273x300.jpg 273w\" sizes=\"(max-width: 199px) 100vw, 199px\" \/><\/p>\n<hr \/>\n<h3 style=\"text-align: center;\">ANORAK<\/h3>\n<p><img decoding=\"async\" loading=\"lazy\" class=\"aligncenter wp-image-2326\" src=\"https:\/\/clubdeportivolazubia.com\/wp-content\/uploads\/2017\/03\/Anorak.jpg\" alt=\"\" width=\"200\" height=\"254\" srcset=\"https:\/\/clubdeportivolazubia.com\/wp-content\/uploads\/2017\/03\/Anorak.jpg 414w, https:\/\/clubdeportivolazubia.com\/wp-content\/uploads\/2017\/03\/Anorak-237x300.jpg 237w\" sizes=\"(max-width: 200px) 100vw, 200px\" \/><\/p>\n<hr \/>\n<h3 style=\"text-align: center;\">FORRO POLAR<\/h3>\n<p><img decoding=\"async\" loading=\"lazy\" class=\"aligncenter wp-image-2329\" src=\"https:\/\/clubdeportivolazubia.com\/wp-content\/uploads\/2017\/03\/polar-rojo.jpg\" alt=\"\" width=\"200\" height=\"225\" srcset=\"https:\/\/clubdeportivolazubia.com\/wp-content\/uploads\/2017\/03\/polar-rojo.jpg 442w, https:\/\/clubdeportivolazubia.com\/wp-content\/uploads\/2017\/03\/polar-rojo-267x300.jpg 267w\" sizes=\"(max-width: 200px) 100vw, 200px\" \/><\/p>\n<hr \/>\n<h3 style=\"text-align: center;\">SUDADERA TECNICA<\/h3>\n<p><img decoding=\"async\" loading=\"lazy\" class=\"aligncenter wp-image-2330\" src=\"https:\/\/clubdeportivolazubia.com\/wp-content\/uploads\/2017\/03\/Sudadera.jpg\" alt=\"\" width=\"200\" height=\"282\" srcset=\"https:\/\/clubdeportivolazubia.com\/wp-content\/uploads\/2017\/03\/Sudadera.jpg 331w, https:\/\/clubdeportivolazubia.com\/wp-content\/uploads\/2017\/03\/Sudadera-213x300.jpg 213w\" sizes=\"(max-width: 200px) 100vw, 200px\" \/><\/p>\n<hr \/>\n<h3 style=\"text-align: center;\">CORTAVIENTOS<\/h3>\n<p><img decoding=\"async\" loading=\"lazy\" class=\"aligncenter wp-image-2328\" src=\"https:\/\/clubdeportivolazubia.com\/wp-content\/uploads\/2017\/03\/Cortavientos-nuevo.jpg\" alt=\"\" width=\"200\" height=\"269\" srcset=\"https:\/\/clubdeportivolazubia.com\/wp-content\/uploads\/2017\/03\/Cortavientos-nuevo.jpg 379w, https:\/\/clubdeportivolazubia.com\/wp-content\/uploads\/2017\/03\/Cortavientos-nuevo-223x300.jpg 223w\" sizes=\"(max-width: 200px) 100vw, 200px\" \/><\/p>\n<h3><\/h3>\n<hr \/>\n<h3><\/h3>\n","protected":false},"excerpt":{"rendered":"<p>MATERIAL DEPORTIVO DEL CLUB Cat\u00e1logo de material disponible del Club. Componen este cat\u00e1logo, adem\u00e1s de material actual, otras prendas de temporadas anteriores: anorak, cortavientos, sudadera t\u00e9cnica, forro polar\u2026 Solo podr\u00e1&hellip; <\/p>\n","protected":false},"author":1,"featured_media":0,"parent":0,"menu_order":0,"comment_status":"closed","ping_status":"closed","template":"","meta":{"footnotes":""},"_links":{"self":[{"href":"https:\/\/clubdeportivolazubia.com\/index.php?rest_route=\/wp\/v2\/pages\/1956"}],"collection":[{"href":"https:\/\/clubdeportivolazubia.com\/index.php?rest_route=\/wp\/v2\/pages"}],"about":[{"href":"https:\/\/clubdeportivolazubia.com\/index.php?rest_route=\/wp\/v2\/types\/page"}],"author":[{"embeddable":true,"href":"https:\/\/clubdeportivolazubia.com\/index.php?rest_route=\/wp\/v2\/users\/1"}],"replies":[{"embeddable":true,"href":"https:\/\/clubdeportivolazubia.com\/index.php?rest_route=%2Fwp%2Fv2%2Fcomments&post=1956"}],"version-history":[{"count":26,"href":"https:\/\/clubdeportivolazubia.com\/index.php?rest_route=\/wp\/v2\/pages\/1956\/revisions"}],"predecessor-version":[{"id":5995,"href":"https:\/\/clubdeportivolazubia.com\/index.php?rest_route=\/wp\/v2\/pages\/1956\/revisions\/5995"}],"wp:attachment":[{"href":"https:\/\/clubdeportivolazubia.com\/index.php?rest_route=%2Fwp%2Fv2%2Fmedia&parent=1956"}],"curies":[{"name":"wp","href":"https:\/\/api.w.org\/{rel}","templated":true}]}}